**3 - 478*z**2 + 217*z + 4921. Determine t(-32).
25
Let p(h) = 368*h**2 + 56312*h + 1231. Calculate p(-153).
7
Let p(l) = 18308*l + 274621. What is p(-15)?
1
Let b(c) = 113*c**2 - 655*c - 1958. What is b(-3)?
1024
Let p(l) = 927482*l - 17622160. Give p(19).
-2
Let y(n) = 5453*n - 77527. Determine y(14).
-1185
Let s(z) = -711*z + 64650. What is s(91)?
-51
Let s(h) = 599*h**2 + 402*h + 403. Determine s(-1).
600
Let v(o) = 3*o**3 + 389*o**2 - 6155*o + 5332. What is v(-144)?
4
Let p(o) = -o**3 - 42*o**2 + 383*o + 1210. Give p(10).
-160
Let k(b) = -37*b**2 - 294*b + 1774. Calculate k(-12).
-26
Let h(n) = -8*n**2 - 252*n - 928. Give h(-27).
44
Let t(g) = 842*g - 47113. Calculate t(56).
39
Let o(y) = 2*y**2 + 97*y - 22692. What is o(85)?
3
Let g(n) = -76*n**2 + 1288*n + 24. Determine g(17).
-44
Let z(x) = -2*x**3 + 117*x**2 + 7580*x - 443051. Give z(62).
1
Let t(n) = -1672*n - 23865. Give t(-15).
1215
Let b(m) = 10702*m - 727731. Determine b(68).
5
Let a(s) = -52*s**2 - 42*s + 14. Determine a(5).
-1496
Let m(x) = x**2 - 618*x - 137807. What is m(-174)?
1
Let v(m) = -19*m**3 - 114*m**2 - 61*m - 385. What is v(-6)?
-19
Let r(z) = z**2 + 35504*z - 1208298. Calculate r(34).
-6
Let o(l) = -222*l + 8812. Give o(39).
154
Let r(d) = -60483*d - 1391371. What is r(-23)?
-262
Let u(y) = y**2 - 921*y + 97493. Give u(122).
15
Let f(b) = -3*b**3 - 13*b**2 + 202*b + 1150. What is f(-6)?
118
Let w(o) = -31*o**3 + 1394*o**2 + 41*o + 175. Give w(45).
-5
Let u(v) = v**3 - 14*v**2 + 101*v - 402. What is u(7)?
-38
Let u(i) = -i**3 + 47*i**2 - 551*i + 261. What is u(20)?
41
Let f(t) = -9*t**3 + 69*t**2 - 70*t + 173. Give f(7).
-23
Let h(z) = -4*z**2 + 202*z - 1618. Determine h(8).
-258
Let z(b) = -125216*b - 625457. Determine z(-5).
623
Let u(t) = 20*t**3 + t**2 - 45*t - 210. Give u(-4).
-1294
Let t(g) = -47*g + 5859. Calculate t(101).
1112
Let p(z) = -270*z - 749. What is p(-2)?
-209
Let z(c) = -25*c**3 - 19*c**2 - 184*c - 451. Determine z(-3).
605
Let w(a) = 2010*a + 12135. Calculate w(-6).
75
Let b(y) = -11*y**2 - 27590*y + 1545489. Determine b(-2563).
0
Let l(r) = 1072*r - 5306. Give l(5).
54
Let s(g) = 8*g**2 + 379*g + 38. Determine s(0).
38
Let l(y) = 1660*y - 18285. Determine l(11).
-25
Let f(g) = -g**3 - 41*g**2 + 111*g + 4554. Determine f(-41).
3
Let y(s) = -s**3 + 573*s**2 + 7621*s - 1711. Calculate y(586).
47
Let u(p) = -17*p**3 - 473*p**2 + 99*p - 349. What is u(-28)?
-769
Let o(n) = -2939*n - 14993. Calculate o(-5).
-298
Let s(y) = -803*y**2 - 2711*y + 5419. Give s(2).
-3215
Let z(l) = -2*l**3 + 20*l**2 - 6*l - 116. Give z(14).
-1768
Let m(u) = u**2 + 10065*u + 331055. Give m(-33).
-1
Let m(d) = -118*d + 6522. Calculate m(55).
32
Let o(t) = 143*t - 95073. Give o(665).
22
Let u(d) = -21946*d - 15757237. Determine u(-718).
-9
Let m(i) = 7*i**3 - 508*i**2 - 219*i + 26. Determine m(73).
26
Let p(s) = 81*s**2 + 29898*s + 33123. What is p(-368)?
3
Let p(k) = -k**3 + 21*k**2 + 679*k + 24. Give p(-18).
438
Let g(s) = 4334*s**2 + 73677*s - 5. What is g(-17)?
12
Let k(b) = -24*b**3 + 500*b**2 + 58*b + 507. What is k(21)?
-39
Let r(l) = -3*l**3 - 27*l**2 - 469*l - 4107. Give r(-9).
114
Let v(p) = -40668*p + 488013. Calculate v(12).
-3
Let r(p) = p**2 - 414*p + 6. What is r(0)?
6
Let h(j) = 41*j**2 - 9094*j - 1680. Calculate h(222).
96
Let n(x) = -x**2 - 19413*x + 155372. What is n(8)?
4
Let n(c) = 18188*c + 218272. Determine n(-12).
16
Let t(u) = 1698*u + 371849. Determine t(-219).
-13
Let p(g) = -g**3 + 112*g**2 - 528*g - 783. Determine p(107).
-34
Let l(j) = -j**3 - 151*j**2 - 3355*j - 22. Determine l(-124).
846
Let i(s) = -s**3 + 19*s**2 - 19252*s + 445040. What is i(23)?
128
Let v(d) = 308*d - 1238. Determine v(5).
302
Let d(c) = c**3 - 2*c**2 + 92*c + 3134. What is d(0)?
3134
Let v(t) = 1787*t - 12067. Determine v(7).
442
Let f(p) = -2083*p + 51684. Determine f(25).
-391
Let w(g) = -81*g**2 + 27389*g - 3793. What is w(338)?
-75
Let o(b) = -b**3 - 141*b**2 - 3731*b + 39388. Calculate o(8).
4
Let h(d) = 2*d**2 + 717*d - 529243. Determine h(-724).
1
Let i(u) = -56*u**2 - 2748*u - 292. What is i(-49)?
-96
Let t(b) = -2*b**2 + 649*b + 3265. What is t(-5)?
-30
Let i(l) = 23*l**2 - 121*l + 1727. Determine i(12).
3587
Let n(t) = -7*t**2 + 232*t - 2389. Determine n(14).
-513
Let d(v) = -2*v**2 - 151*v - 823. What is d(-70)?
-53
Let l(z) = z**3 - 235*z**2 + 526*z - 14096. Calculate l(233).
-116
Let a(j) = -j**2 + 108*j - 3006. Determine a(55).
-91
Let f(b) = b**3 + 32*b**2 + 52*b - 154. What is f(-31)?
-805
Let w(a) = -13*a**2 + 75205*a - 450762. What is w(6)?
0
Let j(i) = 23496*i + 49946. Determine j(-2).
2954
Let n(u) = -2842*u**2 - 172*u + 176. What is n(1)?
-2838
Let z(x) = -15123*x - 166284. Calculate z(-11).
69
Let m(d) = 226*d**3 - 4*d**2 - 215*d - 423. Determine m(-2).
-1817
Let j(y) = -y**2 - 411*y + 24001. Give j(52).
-75
Let q(z) = -495*z**3 - 11383*z**2 + 65*z + 430. Calculate q(-23).
-7
Let v(o) = o**3 + 32*o**2 + 225*o - 405. Calculate v(-19).
13
Let c(m) = -m**3 - 732*m**2 + 26. Give c(-732).
26
Let j(n) = -396*n + 74463. Determine j(188).
15
Let z(g) = -10*g**3 + 7*g**2 - 7*g - 33. What is z(2)?
-99
Let y(b) = -b**2 - 879*b + 220725. Determine y(204).
-207
Let q(r) = 2299*r + 43456. Determine q(-19).
-225
Let d(t) = 51*t**2 - 200*t + 24. Calculate d(3).
-117
Let a(z) = 14*z**2 - 63*z - 202. Give a(-4).
274
Let z(u) = -u**3 - 11*u**2 - 4695*u - 32777. What is z(-7)?
-108
Let b(m) = -2*m**3 + 5*m**2 + 2211*m + 8629. Give b(-4).
-7
Let b(v) = 7110*v + 1080669. Give b(-152).
-51
Let r(l) = 8*l**2 - 1832*l + 16. Give r(0).
16
Let l(z) = -2*z**2 - 310*z - 9974. Give l(-108).
178
Let w(x) = 98*x**2 + 191*x - 352. Calculate w(2).
422
Let y(v) = -2*v**2 + 303*v + 1994. Calculate y(159).
-391
Let w(o) = 5847*o - 730891. Calculate w(125).
-16
Let q(n) = -n**2 - 61*n - 779. What is q(-40)?
61
Let l(u) = u**3 - 16*u**2 + 125*u - 951. Give l(12).
-27
Let q(o) = -o**2 + 301*o + 3005. Calculate q(-9).
215
Let k(h) = 28*h + 1464. Determine k(-54).
-48
Let d(c) = 3156*c + 22230. Determine d(-7).
138
Let k(c) = c**3 - 43*c**2 - 2699*c - 10035. What is k(-4)?
9
Let b(r) = 1694*r + 7857. Determine b(-5).
-613
Let s(r) = 16082*r + 804114. What is s(-50)?
14
Let b(k) = 28*k**2 + 556*k - 294. What is b(-20)?
-214
Let n(b) = 3*b**3 - 254*b**2 + 3702*b - 405. Determine n(66).
-9
Let i(y) = 18*y + 522. What is i(-31)?
-36
Let n(r) = -2*r**3 + 20*r**2 + 28*r - 150. Calculate n(-9).
2676
Let y(v) = -60*v**2 - 2307*v - 6371. What is y(-3)?
10
Let g(h) = -293628*h + 15855917. Determine g(54).
5
Let c(y) = y**3 + 365*y**2 + 32254*y + 594. Determine c(-150).
-6
Let z(m) = 62*m**3 + 249*m**2 - 66*m - 286. What is z(-4)?
-6
Let l(g) = 335*g**2 - 979*g - 982. Calculate l(-1).
332
Let y(x) = -128*x + 13563. Give y(102).
507
Let a(u) = 33644*u - 101038. Determine a(3).
-106
Let s(j) = -166*j**2 - 7638*j - 106. Give s(-46).
-14
Let r(j) = 2*j**2 + 2112*j + 35286. Determine r(-17).
-40
Let p(h) = -5*h**2 + 11522*h + 11522. Calculate p(-1).
-5
Let n(u) = 601*u + 497. Give n(-2).
-705
Let v(r) = 5*r**3 + 26*r**2 + 12*r + 222. Determine v(-10).
-2298
Let k(j) = 11*j**3 + 1550*j**2 - 146*j - 682. Give k(-141).
23
Let s(q) = 2*q**3 - 40*q**2 + 6*q - 1001. What is s(21)?
7
Let j(h) = h**3 + 231*h**2 - 245*h - 3023. Give j(-232).
-7
Let w(i) = 3*i**2 - 9390*i + 37527. Determine w(4).
15
Let p(q) = 194*q + 7154. Give p(-36).
170
Let o(x) = -96*x + 2665. What is o(26)?
169
Let f(g) = -265*g + 2280. What is f(10)?
-370
Let w(v) = -1117*v**2 + 686*v - 712. Calculate w(1).
-1143
Let j(g) = -4*g**3 - 170*g**2 - 396*g + 91. What is j(-40)?
-69
Let q(g) = -g**3 - 104*g**2 - 1019*g + 357. Determine q(-93).
-15
Let w(b) = b**3 - 36*b**2 + 182*b - 174. Determine w(31).
663
Let i(g) = -g**2 - 934*g - 36139. Calculate i(-41).
474
Let v(o) = 5*o**3 - 3993*o**2 - 94474*o + 225. Give v(-23).
-5
Let z(w) = -w**3 - 140*w**2 + 904*w + 4080. What is z(-146)?
-8
Let s(i) = -i**3 - 99*i**2 - 455*i + 81. Calculate s(-94).
-1329
Let u(c) = -c**3 - 42*c**2 + 1033*c + 2397. Calculate u(19).
3
Let l(g) = -1395*g - 311262. Give l(-223).
-177
Let q(o) = -o**2 + 181529*o - 1089136. What is q(6)?
2
Let q(o) = o**2 - 23167*o - 185351. What is q(-8)?
49
Let f(z) = 5042*z - 166400. Calculate f(33).
-14
Let x(b) = -b**2 + 183*b - 5125